 common factor of 1408 and q.
11
Suppose 1536 = 5*w + 441. Let t be (w + -19)*(-1)/(-2). Calculate the highest common factor of t and 8.
4
Suppose 3*g - 52 = -2*g + 2*z, 4*g = -4*z + 64. Let v = -2185 - -2245. Calculate the greatest common factor of g and v.
12
Suppose -3*s - 3*u + 501 = 0, 2*s + 4*u - 164 = s. Suppose -7*d - 7*d = -s. Calculate the greatest common factor of 222 and d.
6
Suppose 24*x - 6554 = 22*x + 3*d, -5*d = 3*x - 9831. What is the highest common factor of 29 and x?
29
Let d = 15316 + -9256. What is the highest common factor of d and 10?
10
Suppose 0 = -q - 4*p + 4339, 194*q - 195*q + 4348 = p. What is the highest common divisor of 229 and q?
229
Suppose -2*m - 5*w = -775, -1214 = -3*m - 3*w - 47. Let v be (51 - 45)*-1*(-2 + -3). What is the greatest common divisor of v and m?
30
Let b(k) = 34*k - 811. Let d be b(25). What is the greatest common divisor of d and 2886?
39
Suppose 114*q - 39*q - 15072 = 43*q. Calculate the greatest common divisor of q and 2983.
157
Let d be 109 + 2/(11/(44/(-8))). Suppose -99*a + d*a = 63. What is the highest common divisor of 875 and a?
7
Let o = -4235 - -4871. What is the greatest common factor of 1431 and o?
159
Suppose 0 = 3*m + 30. Let y be (-5)/75*m + (-286)/(-3). Calculate the greatest common divisor of 160 and y.
32
Let q(t) = -5*t**3 - 2*t**2 - 9. Let m be q(-4). Let c = m - 195. Suppose 4*k + 0*k - c = 0. What is the greatest common factor of k and 84?
21
Suppose 6*j + 15*j = -16128. Let v be j/(-42) + (-2)/7. What is the greatest common factor of 24 and v?
6
Let b(i) = 6*i**3 + 13*i**2 - 9*i + 1. Let x be b(-5). Let n = -348 - x. What is the greatest common factor of n and 1767?
31
Let l = -7266 + 7530. Calculate the highest common divisor of 1518 and l.
66
Let y = -9530 - -12545. What is the greatest common factor of y and 45?
45
Let b be ((-1092)/(-1365))/(-1 + (-11)/(-10)). What is the greatest common factor of b and 23?
1
Let v(k) = -k**3 + 6*k**2 - 5*k - 3. Let y be v(4). Suppose 0 = 6*n - 297 - 135. Let w = n - 63. Calculate the greatest common factor of y and w.
9
Let w = -128 + 269. Let m = w - 77. Suppose 4*o + 2*j = 424, 132 + m = 2*o + 5*j. Calculate the greatest common divisor of 12 and o.
12
Suppose 0 = k - 2*k - 2*t, -6*t - 9 = -3*t. What is the greatest common divisor of 4179 and k?
3
Suppose w + 2*i + 24 = 5*w, 3*i + 30 = 5*w. What is the greatest common factor of w and 202?
2
Suppose 94 = z + 5*l - 42, -2*z = -2*l - 332. Calculate the highest common factor of z and 4347.
161
Let b = 60 + -170. Let m be 1/(-2)*(-264)/(b/(-10)). What is the highest common factor of m and 42?
6
Let u be 2/4*-8 - 144/(-9). What is the highest common divisor of 588 and u?
12
Suppose 2*j = 2*c + 146, -524*j + 519*j + 323 = c. Calculate the highest common factor of j and 16.
2
Suppose -3*a = -12*a + 45. Suppose 0 = -t + 2*n + 104, -a*t + 4*n + 445 = -51. What is the highest common factor of t and 24?
24
Let c(l) = -l**2 + 12*l - 20. Let r be c(6). Let u(d) = -d**3 + 16*d**2 + 2*d - 26. Let q be u(r). Calculate the greatest common factor of 54 and q.
6
Suppose -400*j = -367 - 433. What is the highest common divisor of 542 and j?
2
Let c(p) be the second derivative of 177*p**5/20 - p**4/4 + p**3/6 + p**2/2 + 64*p. Let n be c(1). Calculate the highest common factor of n and 32.
16
Let b(z) = -z**3 + 5*z**2 - z + 7. Let v be b(5). Let y = v + 1. Let j be (2/(-9))/(-2)*9. Calculate the highest common factor of y and j.
1
Suppose 3568*l = 3540*l + 10574 - 3266. Suppose -36 = -2*b - 2*b. What is the highest common divisor of b and l?
9
Let o be (-7 + ((-1536)/60 - -11))/(3/(-20)). What is the greatest common divisor of o and 156?
12
Let b = -9657 + 9717. What is the highest common factor of b and 17340?
60
Suppose 5*i = -3*y + 7*y - 327, -4*y = -2*i - 342. What is the highest common divisor of y and 1592?
8
Suppose -36*h + 51*h = 105. Calculate the highest common factor of h and 280.
7
Suppose 0*w = 4*g - w, 2*g + 2*w = 0. Suppose 2*p - 2*h + 65 - 1105 = g, 0 = h + 2. Calculate the highest common factor of 14 and p.
14
Let t = 628 + -386. Let g = t + -198. Calculate the greatest common divisor of g and 33.
11
Let m be 125/30 + (-3)/18. Let x = m - 0. Suppose x*n + 16 - 44 = 0. What is the highest common factor of 14 and n?
7
Suppose -2*l - 29 = -129. Suppose -163*p = -32*p - 1077 - 1543. What is the greatest common factor of p and l?
10
Suppose -3*w - 2*r + 46 = 0, r + 24 = w + 6*r. Suppose -10*x = -w*x + 188. Suppose 6 = 5*b + 1, -3*o = 5*b - x. What is the greatest common factor of 154 and o?
14
Let b be 22/6 + (-8)/2 + (-80230)/(-1065). Suppose 4*a - 4*n = 412, -n = a + 3*a - 422. Calculate the highest common divisor of b and a.
15
Suppose 2*u - 79 - 33 = -3*a, 4*a + 2*u = 148. What is the highest common factor of 3852 and a?
36
Suppose 5*l + 5 = 4*o, 3*o - 14*l = -15*l + 18. Suppose 0 = 4*q - o*q + 2, -2*q = -4*g + 120. What is the greatest common divisor of g and 4?
1
Let m = 10 - -410. Suppose 4*x = 5*t - m, 460 = 5*t - 2*x + 6*x. What is the highest common factor of t and 110?
22
Let h = -64 + 106. Let v = h - 76. Let i = v - -56. Calculate the highest common divisor of 2 and i.
2
Let o(m) = m**3 + m + 988. Let u be o(0). Let j be 8 - (-114)/(-76)*(-136)/3. Calculate the highest common factor of j and u.
76
Let h(m) = -m - 1. Let g(u) = -7*u + 3. Let w(t) = -g(t) + 6*h(t). Let i be w(11). What is the greatest common factor of 10 and i?
2
Let x = -626 + 986. Let a = x + 134. What is the highest common divisor of a and 26?
26
Let g = 3313 - 3259. Calculate the highest common divisor of g and 5373.
27
Let p = -185 - -43. Let x = p + 150. Calculate the highest common divisor of 14 and x.
2
Let y be (140875/(-490))/((-1)/22). What is the greatest common divisor of 25 and y?
25
Let p(m) = -2197*m + 106. Let o be p(-1). Calculate the highest common divisor of 7 and o.
7
Suppose -37625 = -2*o + 12808 - 12637. Calculate the highest common factor of 44 and o.
22
Let k = 138 + -53. Let x = -77 - -111. Let b be (2 - (-4)/(-4))/(1/x). What is the greatest common factor of k and b?
17
Let y be (582/(-9))/(-1) - (-16)/12. Let l = 74 + 80. Let x = l - y. What is the highest common divisor of 11 and x?
11
Let f = 103 + -102. Let j be (-60)/(-15)*(-1 - (-2)/f). Suppose 4*d + 8 = 0, -114 = -p - 3*d + j*d. What is the highest common factor of p and 16?
16
Let l be -1 + 1 + 40*(-1)/(-5). Calculate the greatest common factor of 10 and l.
2
Let m(l) = -29*l - 36 + 15*l + 20*l. Let c be m(8). Suppose 3*b - c = 3. Calculate the greatest common divisor of 10 and b.
5
Let a = -5172 - -5176. Suppose 136 = 3*p + 2*p - 4*y, -4*y = -4. Calculate the greatest common factor of a and p.
4
Let v(c) = -73*c - 727. Let m be v(-10). Calculate the highest common divisor of m and 47.
1
Let x = -7131 - -7149. Suppose -5*b - 3*p - 165 = 0, 3*p + 11 = -4. Let q = b + 54. Calculate the highest common divisor of x and q.
6
Let y(h) = -53*h + 97*h - 3 + h**2 - 46*h. Let s be y(5). What is the highest common factor of 12 and s?
12
Let t = -5661 + 5663. What is the highest common factor of t and 7672?
2
Suppose 5*i - 533 = -4*g, -3*g + 29 = 23. Let b(u) = u**2 + 3*u + 2. Let v be b(4). Calculate the greatest common factor of i and v.
15
Let f(j) = -99*j**3 - 13*j**2 - 55*j + 7. Let l be f(-4). Calculate the greatest common divisor of 41 and l.
41
Let o(b) = -15*b - 1503. Let z be o(-103). What is the greatest common divisor of z and 70?
14
Suppose 33*i - 25147 = -3*c + 32*i, 0 = -4*i + 16. Calculate the greatest common divisor of 29 and c.
29
Let n(t) = t**2 + 7*t - 8. Suppose 36 = 13*k - 16. Let j be n(k). Calculate the highest common factor of j and 126.
18
Let q be 36 + (5 + -2 - 2). Suppose -4*r = -51 - q. Suppose 0 = -3*x + 2*g - 2, 3*g + g = x + 14. Calculate the highest common factor of r and x.
2
Let q = -5674 - -5944. Calculate the greatest common divisor of q and 1110.
30
Let c(x) = 7*x**2 + x + 3. Let p be c(-2). Suppose z + 114 + p = 0. Let a = 259 + z. Calculate the highest common divisor of 29 and a.
29
Let v = 6849 - 6046. Calculate the highest common factor of v and 219.
73
Let a be 6/(-4)*8/(-3). Let w(l) = l**3 - 3*l**2 - l + 1. Let m be w(a). Suppose -8*s + m*s = 70. What is the highest common factor of s and 11